13 (base 4) to base 2.
100000010111
What is -d9 (base 15) in base 4?
-3030
Convert -5114 (base 7) to base 10.
-1775
What is -1855 (base 15) in base 4?
-1102013
Convert -100010000111 (base 2) to base 15.
-9a8
36651 (base 7) to base 3
111011020
-2b6 (base 12) to base 7
-1146
Convert -874 (base 10) to base 12.
-60a
Convert -27c (base 16) to base 4.
-21330
Convert -1201102210 (base 3) to base 9.
-51383
What is 71b (base 13) in base 16?
4b7
Convert -1030003 (base 4) to base 2.
-1001100000011
Convert 5010 (base 7) to base 3.
2100210
51064 (base 7) to base 15
3a14
Convert -1004432 (base 5) to base 7.
-65232
Convert 466 (base 10) to base 12.
32a
Convert 501 (base 11) to base 2.
1001011110
533 (base 13) to base 14
475
What is -451251 (base 6) in base 11?
-26528
What is -2265 (base 7) in base 13?
-4bc
Convert -1112121110 (base 3) to base 7.
-154302
530 (base 11) to base 8
1176
-1681a (base 11) to base 7
-125565
Convert -14077 (base 8) to base 4.
-1200333
Convert -c05 (base 13) to base 5.
-31113
Convert 100055 (base 6) to base 7.
31526
10132101 (base 4) to base 6
220453
What is -3023 (base 5) in base 3?
-112101
What is a01 (base 15) in base 6?
14231
-535041 (base 6) to base 11
-2aa65
What is -2a3 (base 14) in base 4?
-20113
-214120 (base 5) to base 15
-22e0
What is -232 (base 14) in base 9?
-534
-a3 (base 13) to base 16
-85
Convert -101101100000 (base 2) to base 12.
-1828
601 (base 8) to base 11
320
Convert -10001111000111 (base 2) to base 12.
-5373
Convert -10000010101001 (base 2) to base 9.
-12420
What is 2041 (base 8) in base 15?
4a7
What is -970 (base 12) in base 6?
-10220
Convert 32d6 (base 16) to base 14.
4a58
What is -54432 (base 6) in base 15?
-2358
What is 4767 (base 8) in base 10?
2551
Convert 5940 (base 13) to base 8.
30416
31131022 (base 4) to base 16
d74a
What is 842 (base 9) in base 8?
1256
Convert -1110010100110101 (base 2) to base 11.
-400a3
What is -11100110000 (base 2) in base 16?
-730
Convert -6dc (base 14) to base 6.
-10202
Convert 91 (base 10) to base 4.
1123
13213 (base 4) to base 9
601
Convert 10011101001111 (base 2) to base 5.
310223
5126 (base 8) to base 13
1287
Convert -49a0 (base 12) to base 6.
-102320
Convert -147 (base 14) to base 15.
-124
Convert -99d (base 15) to base 9.
-2874
What is 28 (base 15) in base 9?
42
1032 (base 10) to base 7
3003
What is 1320311 (base 4) in base 13?
369b
What is 250 (base 11) in base 3?
102000
Convert 215a (base 12) to base 9.
5027
-137a5 (base 15) to base 8
-172020
46268 (base 10) to base 6
554112
What is -121021 (base 3) in base 6?
-2011
Convert -1a61 (base 14) to base 6.
-34101
Convert -1100111001100 (base 2) to base 11.
-4a64
What is 1110000010110 (base 2) in base 9?
10768
72e0 (base 16) to base 12
15028
What is -3223 (base 4) in base 2?
-11101011
2ca (base 16) to base 4
23022
-4639 (base 10) to base 5
-122024
Convert 1202 (base 8) to base 12.
456
Convert 3232 (base 5) to base 16.
1ba
1000100010010 (base 2) to base 3
12222212
Convert 322044 (base 5) to base 13.
4c65
11100110000 (base 2) to base 15
82a
Convert 10870 (base 10) to base 9.
15817
What is -1a21a (base 11) in base 10?
-28214
20014 (base 8) to base 13
3971
What is 1d18 (base 14) in base 2?
1010011000010
470 (base 8) to base 5
2222
Convert -101100101 (base 2) to base 14.
-1b7
Convert -30232 (base 4) to base 11.
-680
What is 12121 (base 3) in base 2?
10010111
What is -210113 (base 6) in base 15?
-5013
-43fc (base 16) to base 4
-10033330
-13005 (base 6) to base 4
-132131
What is -17fa (base 16) in base 15?
-1c43
What is 7a3d (base 14) in base 11?
14a44
-1505 (base 9) to base 8
-2163
-23142 (base 5) to base 9
-2257
Convert -18b (base 16) to base 8.
-613
What is 10312 (base 4) in base 13?
1ab
Convert -11110101001 (base 2) to base 14.
-a01
What is 19748 (base 14) in base 10?
64548
What is 130 (base 6) in base 12?
46
a91b (base 13) to base 2
101101111011011
Convert -241 (base 10) to base 6.
-1041
-27462 (base 11) to base 7
-222100
Convert -5aa (base 14) to base 12.
-7a2
36603 (base 8) to base 7
63624
-21313113 (base 4) to base 14
-10a23
Convert -10011110101 (base 2) to base 11.
-a54
Convert 3847 (base 12) to base 5.
201031
What is -13131 (base 4) in base 13?
-2a9
Convert 14083 (base 9) to base 13.
446a
Convert 559 (base 10) to base 12.
3a7
What is -56761 (base 8) in base 10?
-24049
What is 21202012 (base 4) in base 10?
39046
What is 3809 (base 15) in base 2?
10111010011110
What is -3230 (base 4) in base 14?
-12c
Convert -56 (base 15) to base 3.
-10000
What is -18b (base 12) in base 9?
-308
-243313 (base 5) to base 3
-110122001
Convert 147 (base 10) to base 4.
2103
4b7 (base 13) to base 9
1117
Convert -66333 (base 9) to base 16.
-abed
Convert -10010101100101 (base 2) to base 4.
-2111211
What is 16356 (base 7) in base 16?
1227
-1010110011001 (base 2) to base 7
-22056
-301 (base 8) to base 15
-cd
-9ba9 (base 13) to base 7
-120321
-223213 (base 4) to base 15
-c61
-565 (base 13) to base 7
-2464
What is 66c (base 14) in base 10?
1272
-11001001 (base 3) to base 13
-1456
What is -1100011000 (base 2) in base 5?
-11132
-4202 (base 10) to base 6
-31242
What is -12 (base 5) in base 10?
-7
What is -103302 (base 6) in base 14?
-3178
Convert 91 (base 11) to base 5.
400
What is 898 (base 14) in base 11?
1308
1038 (base 9) to base 12
538
-5099 (base 11) to base 2
-1101001101011
-115 (base 14) to base 5
-1330
-45205 (base 8) to base 12
-b059
What is 312243 (base 5) in base 15?
30d3
-8b (base 15) to base 3
-11212
Convert 1966 (base 10) to base 5.
30331
Convert -20131223 (base 4) to base 15.
-a412
Convert 131103 (base 5) to base 16.
1421
8 (base 15) to base 11
8
1552 (base 6) to base 3
120212
What is -5734 (base 11) in base 15?
-2379
What is 33000 (base 4) in base 16?
3c0
-10111001110101 (base 2) to base 10
-11893
What is 1111100000101 (base 2) in base 12?
4719
-13542 (base 8) to base 11
-4552
What is 10432 (base 5) in base 4?
23212
Convert -258 (base 9) to base 3.
-21222
-10001111011011001 (base 2) to base 10
-73433
Convert -224031 (base 6) to base 2.
-100101001010011
What is -10100000000 (base 2) in base 14?
-676
-885 (base 13) to base 2
-10110110101
What is 668 (base 11) in base 12?
568
-b7 (base 16) to base 7
-351
What is 71107 (base 10) in base 12?
35197
661 (base 10) to base 5
10121
What is 31347 (base 8) in base 2?
11001011100111
What is -445 (base 8) in base 13?
-197
-2556 (base 10) to base 5
-40211
What is -12c9 (base 13) in base 4?
-222030
42102 (base 5) to base 12
1735
-132234 (base 5) to base 9
-7260
Convert -655f (base 16) to base 7.
-135442
-3320 (base 6) to base 8
-1400
What is 211023 (base 4) in base 14?
c1d
-15457 (base 8) to base 11
-5257
-1365 (base 12) to base 14
-b5b
Convert -311132 (base 4) to base 2.
-110101011110
-2015 (base 10) to base 6
-13155
What is a409 (base 11) in base 8?
32753
Convert 411022 (base 5) to base 7.
53444
What is -73626 (base 8) in base 13?
-10c1c
700 (base 15) to base 13
942
Convert -215215 (base 8) to base 5.
-4303313
What is -110 (base 11) in base 7?
-246
-16d9 (base 15) to base 10
-4929
What is 2110220000 (base 3) in base 12?
24276
What is -8aa3 (base 11) in base 12?
-6b17
4a6 (base 12) to base 5
10302
e7a (base 15) to base 8
6301
What is -2044 (base 6) in base 10?
-460
What is 29732 (base 11) in base 9?
63725
Convert 2366 (base 7) to base 3.
1012122
-2002212220 (base 3) to base 2
-1010000111111101
2260 (base 7) to base 13
4b7
Convert -10b (base 13) to base 9.
-220
What is -22220101 (base 3) in base 11?
-4970
Convert -41221 (base 5) to base 6.
-20234
Convert -121422 (base 8) to base 12.
-201aa
Convert -1010101111 (base 2) to base 11.
-575
What is 1211 (base 8) in base 16?
289
Convert -49 (base 11) to base 8.
-65
8122 (base 9) to base 4
1130231
Convert -4044240 (base 5) to base 14.
-19c78
-100011101101 (base 2) to base 11
-1798
Convert 618 (base 9) to base 5.
4003
Convert -1042004 (base 5) to base 15.
-56a4
What is 13531 (base 6) in base 11?
1679
What is 3a42 (base 14) in base 12?
5b22
What is -835 (base 14) in base 2?
-11001001111
Convert -1251 (base 9) to base 3.
-1021201
-18688 (base 11) to base 14
-9731
-3122 (base 7) to base 12
-772
4a6 (base 13) to base 8
1454
What is 110067 (base 9) in base 13?
23b78
Convert -10001 (base 4) to base 15.
-122
Convert -616 (base 9) to base 8.
-765
What is -37514 (base 8) 